{"id":15407,"date":"2018-04-18T15:50:51","date_gmt":"2018-04-18T13:50:51","guid":{"rendered":"http:\/\/dagsonmedia.com\/budowlana\/?page_id=15407"},"modified":"2018-04-25T10:32:10","modified_gmt":"2018-04-25T08:32:10","slug":"o-firmie","status":"publish","type":"page","link":"https:\/\/www.festi.pl\/index.php\/o-firmie\/","title":{"rendered":"O firmie"},"content":{"rendered":"<p>[vc_row css_animation=&#8221;&#8221; row_type=&#8221;row&#8221; use_row_as_full_screen_section=&#8221;no&#8221; type=&#8221;full_width&#8221; angled_section=&#8221;no&#8221; text_align=&#8221;left&#8221; background_image_as_pattern=&#8221;without_pattern&#8221; padding_top=&#8221;35&#8243; padding_bottom=&#8221;35&#8243; z_index=&#8221;&#8221;][vc_column][vc_single_image image=&#8221;15428&#8243; img_size=&#8221;full&#8221; alignment=&#8221;center&#8221; qode_css_animation=&#8221;&#8221;][vc_empty_space height=&#8221;12px&#8221;][vc_column_text]<\/p>\n<h3 style=\"text-align: center;\">Oferta dla os\u00f3b poszukuj\u0105cych solidnego partnera i rzetelnej firmy.<\/h3>\n<p>[\/vc_column_text][\/vc_column][\/vc_row][vc_row css_animation=&#8221;&#8221; row_type=&#8221;row&#8221; use_row_as_full_screen_section=&#8221;yes&#8221; type=&#8221;grid&#8221; angled_section=&#8221;no&#8221; text_align=&#8221;left&#8221; background_image_as_pattern=&#8221;without_pattern&#8221; padding_bottom=&#8221;35&#8243; z_index=&#8221;&#8221;][vc_column css_animation=&#8221;zoomIn&#8221;][vc_column_text]<strong>Jeste\u015bmy firm\u0105 remontowo-budowlana<\/strong> zwi\u0105zana z t\u0105 bran\u017ca od 2003 roku.Realizujemy kompleksowe us\u0142ugi remontowe w Europie Zachodniej przede wszystkim na rynku holenderskim.<\/p>\n<p>[vc_separator type=&#8217;transparent&#8217; position=&#8217;center&#8217; color=&#8221; thickness=&#8221; up=&#8217;7&#8242; down=&#8217;7&#8242;]<\/p>\n<p>Przeprowadzamy profesjonalne prace remontowe g\u0142\u00f3wnie pomieszcze\u0144 u\u017cyteczno\u015bci publicznej, biur a tak\u017ce dom\u00f3w oraz mieszka\u0144.<\/p>\n<p>[vc_separator type=&#8217;transparent&#8217; position=&#8217;center&#8217; color=&#8221; thickness=&#8221; up=&#8217;7&#8242; down=&#8217;7&#8242;]<\/p>\n<p><strong>Stawiamy na sprawno\u015b\u0107 i terminowo\u015b\u0107<\/strong> wykonywanych prac. Do naszej dyspozycji posiadamy nowoczesny sprz\u0119t, a nasz zesp\u00f3\u0142 tworz\u0105 wykwalifikowani i do\u015bwiadczeni pracownicy &#8211; specjali\u015bci w r\u00f3\u017cnych dziedzinach. Wieloletnia praktyka oraz wiedza wyniesione z realizowanych prac pozwalaj\u0105 nam wci\u0105\u017c si\u0119 rozwija\u0107 i tworzy\u0107 naprawd\u0119 spektakularne projekty.<\/p>\n<p>[vc_separator type=&#8217;transparent&#8217; position=&#8217;center&#8217; color=&#8221; thickness=&#8221; up=&#8217;7&#8242; down=&#8217;7&#8242;]<\/p>\n<p><strong>W trakcie trwania naszej umowy, gwarantujemy<\/strong> fachowe doradztwo oraz sta\u0142y kontakt z Klientem. S\u0142u\u017cymy nasz\u0105 wiedz\u0105 na ka\u017cdym etapie realizacji zlecenia. Nasz\u0105 misj\u0105 jest osi\u0105gni\u0119cie pe\u0142nej satysfakcji Zleceniodawcy oraz wykreowanie przestrzeni, kt\u00f3ra b\u0119dzie w pe\u0142ni odpowiada\u0107 jego oczekiwaniom.<\/p>\n<h5><\/h5>\n<p>[\/vc_column_text][\/vc_column][\/vc_row][vc_row css_animation=&#8221;&#8221; row_type=&#8221;row&#8221; use_row_as_full_screen_section=&#8221;no&#8221; type=&#8221;full_width&#8221; angled_section=&#8221;no&#8221; text_align=&#8221;left&#8221; background_image_as_pattern=&#8221;without_pattern&#8221;][vc_column css_animation=&#8221;zoomIn&#8221;]<div class=\"call_to_action normal\" style=\"background-color: #a6c400;\"><div class=\"container_inner\"><div class=\"two_columns_75_25 clearfix\"><div class=\"text_wrapper column1\"><div class=\"call_to_action_text  font_weight_inherit letter_spacing_inherit\" style=\"font-weight: 600;letter-spacing: 2px;\">Zapraszamy do kontaktu!<\/div><\/div><div class=\"button_wrapper column2\"><a itemprop=\"url\" href=\"index.php\/kontakt\/\" class=\"qbutton white \" target=\"_self\" style=\"\"data-hover-background-color=#222222 data-hover-border-color=#ffffff >SKONTAKTUJ SI\u0118<\/a><\/div><\/div><\/div><\/div>[\/vc_column][\/vc_row][vc_row css_animation=&#8221;&#8221; row_type=&#8221;row&#8221; use_row_as_full_screen_section=&#8221;yes&#8221; type=&#8221;grid&#8221; angled_section=&#8221;no&#8221; text_align=&#8221;left&#8221; background_image_as_pattern=&#8221;without_pattern&#8221; background_color=&#8221;#ffffff&#8221; padding_top=&#8221;35&#8243; padding_bottom=&#8221;55&#8243; z_index=&#8221;&#8221;][vc_column css_animation=&#8221;zoomIn&#8221;][vc_single_image image=&#8221;15483&#8243; img_size=&#8221;full&#8221; alignment=&#8221;center&#8221; onclick=&#8221;link_image&#8221; qode_css_animation=&#8221;&#8221;][\/vc_column][\/vc_row]<\/p>\n","protected":false},"excerpt":{"rendered":"<p>[vc_row css_animation=&#8221;&#8221; row_type=&#8221;row&#8221; use_row_as_full_screen_section=&#8221;no&#8221; type=&#8221;full_width&#8221; angled_section=&#8221;no&#8221; text_align=&#8221;left&#8221; background_image_as_pattern=&#8221;without_pattern&#8221; padding_top=&#8221;35&#8243; padding_bottom=&#8221;35&#8243; z_index=&#8221;&#8221;][vc_column][vc_single_image image=&#8221;15428&#8243; img_size=&#8221;full&#8221; alignment=&#8221;center&#8221; qode_css_animation=&#8221;&#8221;][vc_empty_space height=&#8221;12px&#8221;][vc_column_text] Oferta dla os\u00f3b poszukuj\u0105cych solidnego partnera i rzetelnej firmy. [\/vc_column_text][\/vc_column][\/vc_row][vc_row css_animation=&#8221;&#8221; row_type=&#8221;row&#8221; use_row_as_full_screen_section=&#8221;yes&#8221; type=&#8221;grid&#8221; angled_section=&#8221;no&#8221; text_align=&#8221;left&#8221; background_image_as_pattern=&#8221;without_pattern&#8221; padding_bottom=&#8221;35&#8243; z_index=&#8221;&#8221;][vc_column css_animation=&#8221;zoomIn&#8221;][vc_column_text]Jeste\u015bmy firm\u0105 remontowo-budowlana zwi\u0105zana z t\u0105 bran\u017ca od 2003 roku.Realizujemy&#8230;<\/p>\n","protected":false},"author":1,"featured_media":0,"parent":0,"menu_order":0,"comment_status":"closed","ping_status":"closed","template":"full_width.php","meta":{"footnotes":""},"_links":{"self":[{"href":"https:\/\/www.festi.pl\/index.php\/wp-json\/wp\/v2\/pages\/15407"}],"collection":[{"href":"https:\/\/www.festi.pl\/index.php\/wp-json\/wp\/v2\/pages"}],"about":[{"href":"https:\/\/www.festi.pl\/index.php\/wp-json\/wp\/v2\/types\/page"}],"author":[{"embeddable":true,"href":"https:\/\/www.festi.pl\/index.php\/wp-json\/wp\/v2\/users\/1"}],"replies":[{"embeddable":true,"href":"https:\/\/www.festi.pl\/index.php\/wp-json\/wp\/v2\/comments?post=15407"}],"version-history":[{"count":23,"href":"https:\/\/www.festi.pl\/index.php\/wp-json\/wp\/v2\/pages\/15407\/revisions"}],"predecessor-version":[{"id":15740,"href":"https:\/\/www.festi.pl\/index.php\/wp-json\/wp\/v2\/pages\/15407\/revisions\/15740"}],"wp:attachment":[{"href":"https:\/\/www.festi.pl\/index.php\/wp-json\/wp\/v2\/media?parent=15407"}],"curies":[{"name":"wp","href":"https:\/\/api.w.org\/{rel}","templated":true}]}}